{"id":34,"date":"2024-09-12T17:54:56","date_gmt":"2024-09-12T15:54:56","guid":{"rendered":"https:\/\/kabane-kompagnie.fr\/?page_id=34"},"modified":"2025-11-23T14:29:55","modified_gmt":"2025-11-23T13:29:55","slug":"contact-devis-compagnie-spectacle","status":"publish","type":"page","link":"https:\/\/kabane-kompagnie.fr\/?page_id=34","title":{"rendered":"Contact"},"content":{"rendered":"\t\t<div data-elementor-type=\"wp-page\" data-elementor-id=\"34\" class=\"elementor elementor-34\">\n\t\t\t\t<div class=\"elementor-element elementor-element-b07aa82 e-flex e-con-boxed e-con e-parent\" data-id=\"b07aa82\" data-element_type=\"container\" data-settings=\"{&quot;content_width&quot;:&quot;boxed&quot;}\" data-core-v316-plus=\"true\">\n\t\t\t\t\t<div class=\"e-con-inner\">\n\t\t\t\t<div class=\"elementor-element elementor-element-d41a041 elementor-widget elementor-widget-spacer\" data-id=\"d41a041\" data-element_type=\"widget\" data-widget_type=\"spacer.default\">\n\t\t\t\t<div class=\"elementor-widget-container\">\n\t\t\t<style>\/*! elementor - v3.19.0 - 07-02-2024 *\/\n.elementor-column .elementor-spacer-inner{height:var(--spacer-size)}.e-con{--container-widget-width:100%}.e-con-inner>.elementor-widget-spacer,.e-con>.elementor-widget-spacer{width:var(--container-widget-width,var(--spacer-size));--align-self:var(--container-widget-align-self,initial);--flex-shrink:0}.e-con-inner>.elementor-widget-spacer>.elementor-widget-container,.e-con>.elementor-widget-spacer>.elementor-widget-container{height:100%;width:100%}.e-con-inner>.elementor-widget-spacer>.elementor-widget-container>.elementor-spacer,.e-con>.elementor-widget-spacer>.elementor-widget-container>.elementor-spacer{height:100%}.e-con-inner>.elementor-widget-spacer>.elementor-widget-container>.elementor-spacer>.elementor-spacer-inner,.e-con>.elementor-widget-spacer>.elementor-widget-container>.elementor-spacer>.elementor-spacer-inner{height:var(--container-widget-height,var(--spacer-size))}.e-con-inner>.elementor-widget-spacer.elementor-widget-empty,.e-con>.elementor-widget-spacer.elementor-widget-empty{position:relative;min-height:22px;min-width:22px}.e-con-inner>.elementor-widget-spacer.elementor-widget-empty .elementor-widget-empty-icon,.e-con>.elementor-widget-spacer.elementor-widget-empty .elementor-widget-empty-icon{position:absolute;top:0;bottom:0;left:0;right:0;margin:auto;padding:0;width:22px;height:22px}<\/style>\t\t<div class=\"elementor-spacer\">\n\t\t\t<div class=\"elementor-spacer-inner\"><\/div>\n\t\t<\/div>\n\t\t\t\t<\/div>\n\t\t\t\t<\/div>\n\t\t\t\t\t<\/div>\n\t\t\t\t<\/div>\n\t\t<div class=\"elementor-element elementor-element-4ff65fc e-flex e-con-boxed e-con e-parent\" data-id=\"4ff65fc\" data-element_type=\"container\" data-settings=\"{&quot;content_width&quot;:&quot;boxed&quot;}\" data-core-v316-plus=\"true\">\n\t\t\t\t\t<div class=\"e-con-inner\">\n\t\t<div class=\"elementor-element elementor-element-545aacc e-con-full e-flex e-con e-child\" data-id=\"545aacc\" data-element_type=\"container\" data-settings=\"{&quot;content_width&quot;:&quot;full&quot;}\">\n\t\t\t\t<div class=\"elementor-element elementor-element-993112e e-transform elementor-widget elementor-widget-image\" data-id=\"993112e\" data-element_type=\"widget\" data-settings=\"{&quot;_transform_scale_effect&quot;:{&quot;unit&quot;:&quot;px&quot;,&quot;size&quot;:1.1,&quot;sizes&quot;:[]},&quot;_transform_scale_effect_tablet&quot;:{&quot;unit&quot;:&quot;px&quot;,&quot;size&quot;:&quot;&quot;,&quot;sizes&quot;:[]},&quot;_transform_scale_effect_mobile&quot;:{&quot;unit&quot;:&quot;px&quot;,&quot;size&quot;:&quot;&quot;,&quot;sizes&quot;:[]}}\" data-widget_type=\"image.default\">\n\t\t\t\t<div class=\"elementor-widget-container\">\n\t\t\t<style>\/*! elementor - v3.19.0 - 07-02-2024 *\/\n.elementor-widget-image{text-align:center}.elementor-widget-image a{display:inline-block}.elementor-widget-image a img[src$=\".svg\"]{width:48px}.elementor-widget-image img{vertical-align:middle;display:inline-block}<\/style>\t\t\t\t\t\t\t\t\t\t<img fetchpriority=\"high\" decoding=\"async\" width=\"2048\" height=\"1321\" src=\"https:\/\/kabane-kompagnie.fr\/wp-content\/uploads\/2025\/11\/1000033354-2048x1321.jpg\" class=\"attachment-2048x2048 size-2048x2048 wp-image-899\" alt=\"\" srcset=\"https:\/\/kabane-kompagnie.fr\/wp-content\/uploads\/2025\/11\/1000033354-2048x1321.jpg 2048w, https:\/\/kabane-kompagnie.fr\/wp-content\/uploads\/2025\/11\/1000033354-300x194.jpg 300w, https:\/\/kabane-kompagnie.fr\/wp-content\/uploads\/2025\/11\/1000033354-1024x661.jpg 1024w, https:\/\/kabane-kompagnie.fr\/wp-content\/uploads\/2025\/11\/1000033354-768x495.jpg 768w, https:\/\/kabane-kompagnie.fr\/wp-content\/uploads\/2025\/11\/1000033354-1536x991.jpg 1536w\" sizes=\"(max-width: 2048px) 100vw, 2048px\" \/>\t\t\t\t\t\t\t\t\t\t\t\t\t<\/div>\n\t\t\t\t<\/div>\n\t\t\t\t<\/div>\n\t\t\t\t<div class=\"elementor-element elementor-element-928580a elementor-widget elementor-widget-spacer\" data-id=\"928580a\" data-element_type=\"widget\" data-widget_type=\"spacer.default\">\n\t\t\t\t<div class=\"elementor-widget-container\">\n\t\t\t\t\t<div class=\"elementor-spacer\">\n\t\t\t<div class=\"elementor-spacer-inner\"><\/div>\n\t\t<\/div>\n\t\t\t\t<\/div>\n\t\t\t\t<\/div>\n\t\t<div class=\"elementor-element elementor-element-bb00ff4 e-con-full e-flex e-con e-child\" data-id=\"bb00ff4\" data-element_type=\"container\" data-settings=\"{&quot;content_width&quot;:&quot;full&quot;}\">\n\t\t\t\t<div class=\"elementor-element elementor-element-33980ee elementor-widget elementor-widget-image\" data-id=\"33980ee\" data-element_type=\"widget\" data-widget_type=\"image.default\">\n\t\t\t\t<div class=\"elementor-widget-container\">\n\t\t\t\t\t\t\t\t\t\t\t\t\t<img decoding=\"async\" width=\"2048\" height=\"462\" src=\"https:\/\/kabane-kompagnie.fr\/wp-content\/uploads\/2024\/09\/Fichier-9-2048x462.png\" class=\"attachment-2048x2048 size-2048x2048 wp-image-337\" alt=\"Kallisto kabane kompagnie bon duel libertalia medieval spectacle spectacle \u00e9questre comedie escrime chant musique danse pirate 19eme chevalier princesse cheval chevaux kabane kompagnie fight compagnie professionnelle th\u00e9atre \u00e9pique chevalerie tournois Loire atlantique la roche bernard saint brevin les pins saint brevin l&#039;ocean\" srcset=\"https:\/\/kabane-kompagnie.fr\/wp-content\/uploads\/2024\/09\/Fichier-9-2048x462.png 2048w, https:\/\/kabane-kompagnie.fr\/wp-content\/uploads\/2024\/09\/Fichier-9-300x68.png 300w, https:\/\/kabane-kompagnie.fr\/wp-content\/uploads\/2024\/09\/Fichier-9-1024x231.png 1024w, https:\/\/kabane-kompagnie.fr\/wp-content\/uploads\/2024\/09\/Fichier-9-768x173.png 768w, https:\/\/kabane-kompagnie.fr\/wp-content\/uploads\/2024\/09\/Fichier-9-1536x347.png 1536w\" sizes=\"(max-width: 2048px) 100vw, 2048px\" \/>\t\t\t\t\t\t\t\t\t\t\t\t\t<\/div>\n\t\t\t\t<\/div>\n\t\t\t\t<div class=\"elementor-element elementor-element-45e162b elementor-widget elementor-widget-text-editor\" data-id=\"45e162b\" data-element_type=\"widget\" data-widget_type=\"text-editor.default\">\n\t\t\t\t<div class=\"elementor-widget-container\">\n\t\t\t<style>\/*! elementor - v3.19.0 - 07-02-2024 *\/\n.elementor-widget-text-editor.elementor-drop-cap-view-stacked .elementor-drop-cap{background-color:#69727d;color:#fff}.elementor-widget-text-editor.elementor-drop-cap-view-framed .elementor-drop-cap{color:#69727d;border:3px solid;background-color:transparent}.elementor-widget-text-editor:not(.elementor-drop-cap-view-default) .elementor-drop-cap{margin-top:8px}.elementor-widget-text-editor:not(.elementor-drop-cap-view-default) .elementor-drop-cap-letter{width:1em;height:1em}.elementor-widget-text-editor .elementor-drop-cap{float:left;text-align:center;line-height:1;font-size:50px}.elementor-widget-text-editor .elementor-drop-cap-letter{display:inline-block}<\/style>\t\t\t\t<div data-id=\"d57dadc\" data-element_type=\"widget\" data-widget_type=\"text-editor.default\">\n<p>Contact@kabane-kompagnie.fr<\/p>\n<p>07 .70 .40 .94 .07<\/p>\n<p>Loire Atlantique&nbsp;<\/p>\n<\/div>\t\t\t\t\t\t<\/div>\n\t\t\t\t<\/div>\n\t\t\t\t<div class=\"elementor-element elementor-element-8dc4208 elementor-align-center e-transform elementor-widget elementor-widget-button\" data-id=\"8dc4208\" data-element_type=\"widget\" data-settings=\"{&quot;_transform_translateY_effect&quot;:{&quot;unit&quot;:&quot;px&quot;,&quot;size&quot;:-15,&quot;sizes&quot;:[]},&quot;_transform_translateX_effect&quot;:{&quot;unit&quot;:&quot;px&quot;,&quot;size&quot;:&quot;&quot;,&quot;sizes&quot;:[]},&quot;_transform_translateX_effect_tablet&quot;:{&quot;unit&quot;:&quot;px&quot;,&quot;size&quot;:&quot;&quot;,&quot;sizes&quot;:[]},&quot;_transform_translateX_effect_mobile&quot;:{&quot;unit&quot;:&quot;px&quot;,&quot;size&quot;:&quot;&quot;,&quot;sizes&quot;:[]},&quot;_transform_translateY_effect_tablet&quot;:{&quot;unit&quot;:&quot;px&quot;,&quot;size&quot;:&quot;&quot;,&quot;sizes&quot;:[]},&quot;_transform_translateY_effect_mobile&quot;:{&quot;unit&quot;:&quot;px&quot;,&quot;size&quot;:&quot;&quot;,&quot;sizes&quot;:[]}}\" data-widget_type=\"button.default\">\n\t\t\t\t<div class=\"elementor-widget-container\">\n\t\t\t\t\t<div class=\"elementor-button-wrapper\">\n\t\t\t<a class=\"elementor-button elementor-button-link elementor-size-md\" href=\"mailto:%20contact@kabane-kompagnie.fr\">\n\t\t\t\t\t\t<span class=\"elementor-button-content-wrapper\">\n\t\t\t\t\t\t<span class=\"elementor-button-text\">Contactez-nous<\/span>\n\t\t<\/span>\n\t\t\t\t\t<\/a>\n\t\t<\/div>\n\t\t\t\t<\/div>\n\t\t\t\t<\/div>\n\t\t\t\t<div class=\"elementor-element elementor-element-fc906ee e-transform elementor-widget elementor-widget-google_maps\" data-id=\"fc906ee\" data-element_type=\"widget\" data-settings=\"{&quot;_transform_translateY_effect&quot;:{&quot;unit&quot;:&quot;px&quot;,&quot;size&quot;:-13,&quot;sizes&quot;:[]},&quot;_transform_translateX_effect&quot;:{&quot;unit&quot;:&quot;px&quot;,&quot;size&quot;:&quot;&quot;,&quot;sizes&quot;:[]},&quot;_transform_translateX_effect_tablet&quot;:{&quot;unit&quot;:&quot;px&quot;,&quot;size&quot;:&quot;&quot;,&quot;sizes&quot;:[]},&quot;_transform_translateX_effect_mobile&quot;:{&quot;unit&quot;:&quot;px&quot;,&quot;size&quot;:&quot;&quot;,&quot;sizes&quot;:[]},&quot;_transform_translateY_effect_tablet&quot;:{&quot;unit&quot;:&quot;px&quot;,&quot;size&quot;:&quot;&quot;,&quot;sizes&quot;:[]},&quot;_transform_translateY_effect_mobile&quot;:{&quot;unit&quot;:&quot;px&quot;,&quot;size&quot;:&quot;&quot;,&quot;sizes&quot;:[]}}\" data-widget_type=\"google_maps.default\">\n\t\t\t\t<div class=\"elementor-widget-container\">\n\t\t\t<style>\/*! elementor - v3.19.0 - 07-02-2024 *\/\n.elementor-widget-google_maps .elementor-widget-container{overflow:hidden}.elementor-widget-google_maps .elementor-custom-embed{line-height:0}.elementor-widget-google_maps iframe{height:300px}<\/style>\t\t<div class=\"elementor-custom-embed\">\n\t\t\t<iframe loading=\"lazy\"\n\t\t\t\t\tsrc=\"https:\/\/maps.google.com\/maps?q=Saint%20Viaud%20&#038;t=m&#038;z=9&#038;output=embed&#038;iwloc=near\"\n\t\t\t\t\ttitle=\"Saint Viaud \"\n\t\t\t\t\taria-label=\"Saint Viaud \"\n\t\t\t><\/iframe>\n\t\t<\/div>\n\t\t\t\t<\/div>\n\t\t\t\t<\/div>\n\t\t\t\t<\/div>\n\t\t\t\t\t<\/div>\n\t\t\t\t<\/div>\n\t\t<div class=\"elementor-element elementor-element-4c10c2a e-flex e-con-boxed e-con e-parent\" data-id=\"4c10c2a\" data-element_type=\"container\" data-settings=\"{&quot;content_width&quot;:&quot;boxed&quot;}\" data-core-v316-plus=\"true\">\n\t\t\t\t\t<div class=\"e-con-inner\">\n\t\t<div class=\"elementor-element elementor-element-e3cb5fd e-con-full e-flex e-con e-child\" data-id=\"e3cb5fd\" data-element_type=\"container\" data-settings=\"{&quot;content_width&quot;:&quot;full&quot;}\">\n\t\t\t\t<div class=\"elementor-element elementor-element-eb5cdbc elementor-widget elementor-widget-spacer\" data-id=\"eb5cdbc\" data-element_type=\"widget\" data-widget_type=\"spacer.default\">\n\t\t\t\t<div class=\"elementor-widget-container\">\n\t\t\t\t\t<div class=\"elementor-spacer\">\n\t\t\t<div class=\"elementor-spacer-inner\"><\/div>\n\t\t<\/div>\n\t\t\t\t<\/div>\n\t\t\t\t<\/div>\n\t\t\t\t<div class=\"elementor-element elementor-element-ed0aa56 elementor-widget elementor-widget-heading\" data-id=\"ed0aa56\" data-element_type=\"widget\" data-widget_type=\"heading.default\">\n\t\t\t\t<div class=\"elementor-widget-container\">\n\t\t\t<style>\/*! elementor - v3.19.0 - 07-02-2024 *\/\n.elementor-heading-title{padding:0;margin:0;line-height:1}.elementor-widget-heading .elementor-heading-title[class*=elementor-size-]>a{color:inherit;font-size:inherit;line-height:inherit}.elementor-widget-heading .elementor-heading-title.elementor-size-small{font-size:15px}.elementor-widget-heading .elementor-heading-title.elementor-size-medium{font-size:19px}.elementor-widget-heading .elementor-heading-title.elementor-size-large{font-size:29px}.elementor-widget-heading .elementor-heading-title.elementor-size-xl{font-size:39px}.elementor-widget-heading .elementor-heading-title.elementor-size-xxl{font-size:59px}<\/style><h2 class=\"elementor-heading-title elementor-size-default\">Avec le soutien de la ville de La Roche Bernard (56 130)<\/h2>\t\t<\/div>\n\t\t\t\t<\/div>\n\t\t\t\t<div class=\"elementor-element elementor-element-2adbc06 elementor-widget elementor-widget-image\" data-id=\"2adbc06\" data-element_type=\"widget\" data-widget_type=\"image.default\">\n\t\t\t\t<div class=\"elementor-widget-container\">\n\t\t\t\t\t\t\t\t\t\t\t\t\t\t<a href=\"https:\/\/www.laroche-bernard.com\/\">\n\t\t\t\t\t\t\t<img decoding=\"async\" width=\"344\" height=\"122\" src=\"https:\/\/kabane-kompagnie.fr\/wp-content\/uploads\/2024\/09\/Screenshot-2024-09-13-18.48.58.png\" class=\"elementor-animation-shrink attachment-large size-large wp-image-538\" alt=\"Kallisto kabane kompagnie bon duel libertalia medieval spectacle spectacle \u00e9questre comedie escrime chant musique danse pirate 19eme chevalier princesse cheval chevaux kabane kompagnie fight compagnie professionnelle th\u00e9atre \u00e9pique chevalerie tournois\" srcset=\"https:\/\/kabane-kompagnie.fr\/wp-content\/uploads\/2024\/09\/Screenshot-2024-09-13-18.48.58.png 344w, https:\/\/kabane-kompagnie.fr\/wp-content\/uploads\/2024\/09\/Screenshot-2024-09-13-18.48.58-300x106.png 300w\" sizes=\"(max-width: 344px) 100vw, 344px\" \/>\t\t\t\t\t\t\t\t<\/a>\n\t\t\t\t\t\t\t\t\t\t\t\t\t<\/div>\n\t\t\t\t<\/div>\n\t\t\t\t<div class=\"elementor-element elementor-element-dd849f0 elementor-widget elementor-widget-spacer\" data-id=\"dd849f0\" data-element_type=\"widget\" data-widget_type=\"spacer.default\">\n\t\t\t\t<div class=\"elementor-widget-container\">\n\t\t\t\t\t<div class=\"elementor-spacer\">\n\t\t\t<div class=\"elementor-spacer-inner\"><\/div>\n\t\t<\/div>\n\t\t\t\t<\/div>\n\t\t\t\t<\/div>\n\t\t\t\t<\/div>\n\t\t\t\t\t<\/div>\n\t\t\t\t<\/div>\n\t\t<div class=\"elementor-element elementor-element-4187c6a e-flex e-con-boxed e-con e-parent\" data-id=\"4187c6a\" data-element_type=\"container\" data-settings=\"{&quot;content_width&quot;:&quot;boxed&quot;}\" data-core-v316-plus=\"true\">\n\t\t\t\t\t<div class=\"e-con-inner\">\n\t\t\t\t<div class=\"elementor-element elementor-element-84a8683 elementor-widget elementor-widget-image\" data-id=\"84a8683\" data-element_type=\"widget\" data-widget_type=\"image.default\">\n\t\t\t\t<div class=\"elementor-widget-container\">\n\t\t\t\t\t\t\t\t\t\t\t\t\t<img loading=\"lazy\" decoding=\"async\" width=\"2560\" height=\"109\" src=\"https:\/\/kabane-kompagnie.fr\/wp-content\/uploads\/2024\/09\/12092024-Sans-titre-1-Modifier-1-scaled.jpg\" class=\"attachment-full size-full wp-image-190\" alt=\"Kallisto kabane kompagnie bon duel libertalia medieval spectacle spectacle \u00e9questre comedie escrime chant musique danse pirate 19eme chevalier princesse cheval chevaux kabane kompagnie fight compagnie professionnelle th\u00e9atre \u00e9pique chevalerie tournois Loire atlantique la roche bernard saint brevin les pins saint brevin l&#039;ocean\" srcset=\"https:\/\/kabane-kompagnie.fr\/wp-content\/uploads\/2024\/09\/12092024-Sans-titre-1-Modifier-1-scaled.jpg 2560w, https:\/\/kabane-kompagnie.fr\/wp-content\/uploads\/2024\/09\/12092024-Sans-titre-1-Modifier-1-300x13.jpg 300w, https:\/\/kabane-kompagnie.fr\/wp-content\/uploads\/2024\/09\/12092024-Sans-titre-1-Modifier-1-1024x44.jpg 1024w, https:\/\/kabane-kompagnie.fr\/wp-content\/uploads\/2024\/09\/12092024-Sans-titre-1-Modifier-1-768x33.jpg 768w, https:\/\/kabane-kompagnie.fr\/wp-content\/uploads\/2024\/09\/12092024-Sans-titre-1-Modifier-1-1536x66.jpg 1536w, https:\/\/kabane-kompagnie.fr\/wp-content\/uploads\/2024\/09\/12092024-Sans-titre-1-Modifier-1-2048x88.jpg 2048w\" sizes=\"(max-width: 2560px) 100vw, 2560px\" \/>\t\t\t\t\t\t\t\t\t\t\t\t\t<\/div>\n\t\t\t\t<\/div>\n\t\t\t\t\t<\/div>\n\t\t\t\t<\/div>\n\t\t\t\t<\/div>\n\t\t","protected":false},"excerpt":{"rendered":"<p>Contact@kabane-kompagnie.fr 07 .70 .40 .94 .07 Loire Atlantique&nbsp; Contactez-nous Avec le soutien de la ville de La Roche Bernard (56 130)<\/p>\n","protected":false},"author":1,"featured_media":0,"parent":0,"menu_order":0,"comment_status":"closed","ping_status":"closed","template":"","meta":{"footnotes":""},"yoast_head":"<!-- This site is optimized with the Yoast SEO plugin v23.4 - https:\/\/yoast.com\/wordpress\/plugins\/seo\/ -->\n<title>Contact - Kabane Kompagnie<\/title>\n<meta name=\"description\" content=\"Contactez la Kabane Kompagnie, cr\u00e9atrice de spectacle vivants pour toutes demandes d&#039;informations et de devis pour vos divers \u00e9n\u00e8vements.\" \/>\n<meta name=\"robots\" content=\"index, follow, max-snippet:-1, max-image-preview:large, max-video-preview:-1\" \/>\n<link rel=\"canonical\" href=\"https:\/\/kabane-kompagnie.fr\/?page_id=34\" \/>\n<meta property=\"og:locale\" content=\"fr_FR\" \/>\n<meta property=\"og:type\" content=\"article\" \/>\n<meta property=\"og:title\" content=\"Contact - Kabane Kompagnie\" \/>\n<meta property=\"og:description\" content=\"Contactez la Kabane Kompagnie, cr\u00e9atrice de spectacle vivants pour toutes demandes d&#039;informations et de devis pour vos divers \u00e9n\u00e8vements.\" \/>\n<meta property=\"og:url\" content=\"https:\/\/kabane-kompagnie.fr\/?page_id=34\" \/>\n<meta property=\"og:site_name\" content=\"Kabane Kompagnie\" \/>\n<meta property=\"article:modified_time\" content=\"2025-11-23T13:29:55+00:00\" \/>\n<meta property=\"og:image\" content=\"https:\/\/kabane-kompagnie.fr\/wp-content\/uploads\/2025\/11\/1000033354-2048x1321.jpg\" \/>\n<meta name=\"twitter:card\" content=\"summary_large_image\" \/>\n<meta name=\"twitter:label1\" content=\"Dur\u00e9e de lecture estim\u00e9e\" \/>\n\t<meta name=\"twitter:data1\" content=\"1 minute\" \/>\n<script type=\"application\/ld+json\" class=\"yoast-schema-graph\">{\"@context\":\"https:\/\/schema.org\",\"@graph\":[{\"@type\":\"WebPage\",\"@id\":\"https:\/\/kabane-kompagnie.fr\/?page_id=34\",\"url\":\"https:\/\/kabane-kompagnie.fr\/?page_id=34\",\"name\":\"Contact - Kabane Kompagnie\",\"isPartOf\":{\"@id\":\"https:\/\/kabane-kompagnie.fr\/#website\"},\"primaryImageOfPage\":{\"@id\":\"https:\/\/kabane-kompagnie.fr\/?page_id=34#primaryimage\"},\"image\":{\"@id\":\"https:\/\/kabane-kompagnie.fr\/?page_id=34#primaryimage\"},\"thumbnailUrl\":\"https:\/\/kabane-kompagnie.fr\/wp-content\/uploads\/2025\/11\/1000033354-2048x1321.jpg\",\"datePublished\":\"2024-09-12T15:54:56+00:00\",\"dateModified\":\"2025-11-23T13:29:55+00:00\",\"description\":\"Contactez la Kabane Kompagnie, cr\u00e9atrice de spectacle vivants pour toutes demandes d'informations et de devis pour vos divers \u00e9n\u00e8vements.\",\"breadcrumb\":{\"@id\":\"https:\/\/kabane-kompagnie.fr\/?page_id=34#breadcrumb\"},\"inLanguage\":\"fr-FR\",\"potentialAction\":[{\"@type\":\"ReadAction\",\"target\":[\"https:\/\/kabane-kompagnie.fr\/?page_id=34\"]}]},{\"@type\":\"ImageObject\",\"inLanguage\":\"fr-FR\",\"@id\":\"https:\/\/kabane-kompagnie.fr\/?page_id=34#primaryimage\",\"url\":\"https:\/\/kabane-kompagnie.fr\/wp-content\/uploads\/2025\/11\/1000033354-scaled.jpg\",\"contentUrl\":\"https:\/\/kabane-kompagnie.fr\/wp-content\/uploads\/2025\/11\/1000033354-scaled.jpg\",\"width\":2560,\"height\":1651},{\"@type\":\"BreadcrumbList\",\"@id\":\"https:\/\/kabane-kompagnie.fr\/?page_id=34#breadcrumb\",\"itemListElement\":[{\"@type\":\"ListItem\",\"position\":1,\"name\":\"Accueil\",\"item\":\"https:\/\/kabane-kompagnie.fr\/\"},{\"@type\":\"ListItem\",\"position\":2,\"name\":\"Contact\"}]},{\"@type\":\"WebSite\",\"@id\":\"https:\/\/kabane-kompagnie.fr\/#website\",\"url\":\"https:\/\/kabane-kompagnie.fr\/\",\"name\":\"Kabane Kompagnie\",\"description\":\"Spectacle Vivant \",\"potentialAction\":[{\"@type\":\"SearchAction\",\"target\":{\"@type\":\"EntryPoint\",\"urlTemplate\":\"https:\/\/kabane-kompagnie.fr\/?s={search_term_string}\"},\"query-input\":{\"@type\":\"PropertyValueSpecification\",\"valueRequired\":true,\"valueName\":\"search_term_string\"}}],\"inLanguage\":\"fr-FR\"}]}<\/script>\n<!-- \/ Yoast SEO plugin. -->","yoast_head_json":{"title":"Contact - Kabane Kompagnie","description":"Contactez la Kabane Kompagnie, cr\u00e9atrice de spectacle vivants pour toutes demandes d'informations et de devis pour vos divers \u00e9n\u00e8vements.","robots":{"index":"index","follow":"follow","max-snippet":"max-snippet:-1","max-image-preview":"max-image-preview:large","max-video-preview":"max-video-preview:-1"},"canonical":"https:\/\/kabane-kompagnie.fr\/?page_id=34","og_locale":"fr_FR","og_type":"article","og_title":"Contact - Kabane Kompagnie","og_description":"Contactez la Kabane Kompagnie, cr\u00e9atrice de spectacle vivants pour toutes demandes d'informations et de devis pour vos divers \u00e9n\u00e8vements.","og_url":"https:\/\/kabane-kompagnie.fr\/?page_id=34","og_site_name":"Kabane Kompagnie","article_modified_time":"2025-11-23T13:29:55+00:00","og_image":[{"url":"https:\/\/kabane-kompagnie.fr\/wp-content\/uploads\/2025\/11\/1000033354-2048x1321.jpg"}],"twitter_card":"summary_large_image","twitter_misc":{"Dur\u00e9e de lecture estim\u00e9e":"1 minute"},"schema":{"@context":"https:\/\/schema.org","@graph":[{"@type":"WebPage","@id":"https:\/\/kabane-kompagnie.fr\/?page_id=34","url":"https:\/\/kabane-kompagnie.fr\/?page_id=34","name":"Contact - Kabane Kompagnie","isPartOf":{"@id":"https:\/\/kabane-kompagnie.fr\/#website"},"primaryImageOfPage":{"@id":"https:\/\/kabane-kompagnie.fr\/?page_id=34#primaryimage"},"image":{"@id":"https:\/\/kabane-kompagnie.fr\/?page_id=34#primaryimage"},"thumbnailUrl":"https:\/\/kabane-kompagnie.fr\/wp-content\/uploads\/2025\/11\/1000033354-2048x1321.jpg","datePublished":"2024-09-12T15:54:56+00:00","dateModified":"2025-11-23T13:29:55+00:00","description":"Contactez la Kabane Kompagnie, cr\u00e9atrice de spectacle vivants pour toutes demandes d'informations et de devis pour vos divers \u00e9n\u00e8vements.","breadcrumb":{"@id":"https:\/\/kabane-kompagnie.fr\/?page_id=34#breadcrumb"},"inLanguage":"fr-FR","potentialAction":[{"@type":"ReadAction","target":["https:\/\/kabane-kompagnie.fr\/?page_id=34"]}]},{"@type":"ImageObject","inLanguage":"fr-FR","@id":"https:\/\/kabane-kompagnie.fr\/?page_id=34#primaryimage","url":"https:\/\/kabane-kompagnie.fr\/wp-content\/uploads\/2025\/11\/1000033354-scaled.jpg","contentUrl":"https:\/\/kabane-kompagnie.fr\/wp-content\/uploads\/2025\/11\/1000033354-scaled.jpg","width":2560,"height":1651},{"@type":"BreadcrumbList","@id":"https:\/\/kabane-kompagnie.fr\/?page_id=34#breadcrumb","itemListElement":[{"@type":"ListItem","position":1,"name":"Accueil","item":"https:\/\/kabane-kompagnie.fr\/"},{"@type":"ListItem","position":2,"name":"Contact"}]},{"@type":"WebSite","@id":"https:\/\/kabane-kompagnie.fr\/#website","url":"https:\/\/kabane-kompagnie.fr\/","name":"Kabane Kompagnie","description":"Spectacle Vivant ","potentialAction":[{"@type":"SearchAction","target":{"@type":"EntryPoint","urlTemplate":"https:\/\/kabane-kompagnie.fr\/?s={search_term_string}"},"query-input":{"@type":"PropertyValueSpecification","valueRequired":true,"valueName":"search_term_string"}}],"inLanguage":"fr-FR"}]}},"_links":{"self":[{"href":"https:\/\/kabane-kompagnie.fr\/index.php?rest_route=\/wp\/v2\/pages\/34"}],"collection":[{"href":"https:\/\/kabane-kompagnie.fr\/index.php?rest_route=\/wp\/v2\/pages"}],"about":[{"href":"https:\/\/kabane-kompagnie.fr\/index.php?rest_route=\/wp\/v2\/types\/page"}],"author":[{"embeddable":true,"href":"https:\/\/kabane-kompagnie.fr\/index.php?rest_route=\/wp\/v2\/users\/1"}],"replies":[{"embeddable":true,"href":"https:\/\/kabane-kompagnie.fr\/index.php?rest_route=%2Fwp%2Fv2%2Fcomments&post=34"}],"version-history":[{"count":78,"href":"https:\/\/kabane-kompagnie.fr\/index.php?rest_route=\/wp\/v2\/pages\/34\/revisions"}],"predecessor-version":[{"id":909,"href":"https:\/\/kabane-kompagnie.fr\/index.php?rest_route=\/wp\/v2\/pages\/34\/revisions\/909"}],"wp:attachment":[{"href":"https:\/\/kabane-kompagnie.fr\/index.php?rest_route=%2Fwp%2Fv2%2Fmedia&parent=34"}],"curies":[{"name":"wp","href":"https:\/\/api.w.org\/{rel}","templated":true}]}}